{"id":90,"date":"2020-08-20T09:32:53","date_gmt":"2020-08-20T07:32:53","guid":{"rendered":"http:\/\/aecsi.eu\/?page_id=90"},"modified":"2021-06-20T21:49:11","modified_gmt":"2021-06-20T19:49:11","slug":"evenements-a-venir","status":"publish","type":"page","link":"https:\/\/aecsi.eu\/index.php\/evenements-a-venir\/","title":{"rendered":"\u00c9V\u00c8NEMENTS \u00c0 VENIR"},"content":{"rendered":"\n<h2><\/h2>\n\n\n\n<p><\/p>\n\n\n\n<h3><\/h3>\n\n\n\n<p><\/p>\n\n\n\n<p><\/p>\n\n\n\n<h3>LES MARDIS DES 101 LIVRES DE LA CHAIRE DE L&#8217;IMA<\/h3>\n\n\n\n<p>Le cin\u00e9aste \u00e9gyptien Youssef CHAHINE pr\u00e9sent\u00e9 par le professeur Hadj DAHMANE<\/p>\n\n\n\n<div class=\"wp-block-image\"><figure class=\"aligncenter size-large is-resized\"><img loading=\"lazy\" src=\"https:\/\/aecsi.eu\/wp-content\/uploads\/2020\/10\/5.-Y.-Chahin.png\" alt=\"\" class=\"wp-image-629\" width=\"534\" height=\"758\" srcset=\"https:\/\/aecsi.eu\/wp-content\/uploads\/2020\/10\/5.-Y.-Chahin.png 474w, https:\/\/aecsi.eu\/wp-content\/uploads\/2020\/10\/5.-Y.-Chahin-211x300.png 211w\" sizes=\"(max-width: 534px) 100vw, 534px\" \/><\/figure><\/div>\n\n\n\n<p><\/p>\n\n\n\n<p><\/p>\n\n\n\n<p><\/p>\n\n\n\n<p><\/p>\n","protected":false},"excerpt":{"rendered":"<p>LES MARDIS DES 101 LIVRES DE LA CHAIRE DE L&#8217;IMA Le cin\u00e9aste \u00e9gyptien Youssef CHAHINE pr\u00e9sent\u00e9 par le professeur Hadj DAHMANE<\/p>\n","protected":false},"author":1,"featured_media":0,"parent":0,"menu_order":0,"comment_status":"closed","ping_status":"closed","template":"","meta":[],"_links":{"self":[{"href":"https:\/\/aecsi.eu\/index.php\/wp-json\/wp\/v2\/pages\/90"}],"collection":[{"href":"https:\/\/aecsi.eu\/index.php\/wp-json\/wp\/v2\/pages"}],"about":[{"href":"https:\/\/aecsi.eu\/index.php\/wp-json\/wp\/v2\/types\/page"}],"author":[{"embeddable":true,"href":"https:\/\/aecsi.eu\/index.php\/wp-json\/wp\/v2\/users\/1"}],"replies":[{"embeddable":true,"href":"https:\/\/aecsi.eu\/index.php\/wp-json\/wp\/v2\/comments?post=90"}],"version-history":[{"count":16,"href":"https:\/\/aecsi.eu\/index.php\/wp-json\/wp\/v2\/pages\/90\/revisions"}],"predecessor-version":[{"id":1098,"href":"https:\/\/aecsi.eu\/index.php\/wp-json\/wp\/v2\/pages\/90\/revisions\/1098"}],"wp:attachment":[{"href":"https:\/\/aecsi.eu\/index.php\/wp-json\/wp\/v2\/media?parent=90"}],"curies":[{"name":"wp","href":"https:\/\/api.w.org\/{rel}","templated":true}]}}